- 135468. Calculate the greatest common factor of 24 and p.
12
Suppose 2*d + 116 = 2*x - 0*d, -4*x = -2*d - 236. Let p(l) = -l**2 - 51*l + 484. Let c be p(-59). What is the highest common factor of c and x?
12
Let r(g) = 576*g - 3414. Let o be r(6). What is the greatest common divisor of o and 28?
14
Suppose 100404 = 100*q - 59096. What is the highest common factor of q and 435?
145
Let b be ((-2)/(-9) - 4/18) + 46. What is the greatest common factor of 161 and b?
23
Suppose 3 = -5*w + 73. Let f(m) = m**3 - 14*m**2 - 5*m + 4. Let s be f(w). Let r be ((-8)/(-6))/(1 + 64/s). Calculate the greatest common divisor of r and 11.
11
Suppose -5*w + 31 = 2*l - 3*l, w - 8 = 2*l. Let q = w + -5. Let k be (1/2 - q)/(29/(-986)). What is the highest common factor of 85 and k?
17
Let g = 3549 - 3362. What is the greatest common factor of 22 and g?
11
Suppose -b - p + 3 = 0, 0 = -3*b - 2*p - 218 + 230. What is the greatest common factor of b and 4362?
6
Let u = 38 - 34. Suppose u*b - 5 = 15. Suppose -b*r + 9 = -4*r. Calculate the greatest common divisor of r and 2.
1
Suppose f = 2*a + 178, -1318*f - a = -1320*f + 362. What is the highest common factor of f and 161?
7
Let a(w) = -789*w + 4774. Let y be a(6). What is the greatest common factor of y and 18280?
40
Let x be ((-9)/(-6))/((-3)/(-5 + -1)). Suppose -3*f = x*a - 63, -2*f + a + 30 = -3*a. Let y = 24 - f. Calculate the highest common divisor of y and 40.
5
Let i(c) = -277*c - 741. Let m be i(-3). Calculate the highest common divisor of m and 11.
1
Suppose 21*k - 25*k - 40 = 0. Let o be (0 - 12/k)/(3/(-10)). Let d be (-1)/3*(16 + -4)/o. Calculate the highest common factor of d and 7.
1
Let b = 8620 - 8179. What is the greatest common factor of b and 1960?
49
Let g = 1282 + 4611. What is the highest common divisor of g and 83?
83
Suppose -715 + 847 = 11*u. Suppose 2*n - 2 = -j, -14 - 1 = -3*j + 3*n. Suppose c = j*c - x - u, 2*c - 3*x = 8. Calculate the greatest common factor of c and 1.
1
Suppose -f = -10*q + 14*q - 30, f - 5*q - 12 = 0. What is the greatest common factor of f and 15686?
22
Suppose z + 31 = -29. Let g = z + 140. Calculate the highest common factor of 40 and g.
40
Let h be (-88095)/(-77) + -3*(-5)/(-165). Calculate the greatest common divisor of h and 40.
8
Let n = -33 + 58. Suppose -146*h + 142*h = -3*m - 2588, 3*h = -2*m + 1958. What is the highest common divisor of h and n?
25
Let d(b) = -2*b**2 + 7*b - 5. Let s be d(2). Let n be 4 - 1/s - (-25 - 5). Calculate the highest common divisor of 1023 and n.
33
Let q be (-2)/(-1) + -3 + 233. Let n = 47 + -16. Let u be n + 2 + -1 - 27/9. Calculate the highest common factor of u and q.
29
Suppose -6*f - 2*f + 40 = 0. Suppose -8 + 3 = f*v. Let x be (34*v/(-3))/((-8)/(-12)). What is the greatest common factor of 119 and x?
17
Suppose -2*s = 2*v - 2462, -3*v = -5*s - 267 + 6430. Suppose 0 = 1236*x - s*x - 640. What is the highest common divisor of x and 100?
20
Let h = 313 - 1013. Let s = 724 + h. Calculate the highest common factor of 33 and s.
3
Let j(k) = -17 - 74 + 1 + 24*k. Let p be j(12). Calculate the highest common factor of 9 and p.
9
Let o be ((-14)/3)/((-128)/91392). What is the highest common factor of 17 and o?
17
Suppose 7988 = 2*i + 6*d, i - 19*d - 3952 = -15*d. What is the greatest common factor of i and 140?
28
Let p(f) = 2*f**3 + 3*f**2 - 11*f. Let j be p(-3). What is the greatest common factor of 135 and j?
3
Suppose 15726 - 3406 = 106*q - 5912. What is the highest common factor of q and 3999?
43
Suppose 2465 = 506*t - 421*t. What is the highest common divisor of t and 3103?
29
Suppose -j + 4*v + 425 = 0, -4*j - 5*v + 1466 = -234. Calculate the highest common factor of j and 300.
25
Suppose 7977 = -40*h + 100537. Calculate the highest common factor of 13 and h.
13
Let m(o) = -6*o + 161. Let j be m(21). Let g = j + 5. What is the highest common factor of 5 and g?
5
Let o(z) = z - 72. Let g be o(-19). Let a = g - -168. Calculate the highest common factor of a and 33.
11
Let i be 13/5*(45 + -5). Calculate the greatest common factor of i and 11752.
104
Let f(g) = -7*g**3 - 3*g**2 + 4. Let v be f(-2). Suppose v = 2*i - c - 6, -4*c - 48 = -2*i. Calculate the greatest common divisor of 140 and i.
28
Let p(m) = 8*m**2 + 11*m + 14. Suppose 29*z = -4*z - 198. Let b be p(z). Calculate the highest common factor of b and 4.
4
Let v(y) = y**2 - 23*y + 51. Let h be v(22). Suppose -19 = -4*r + h. Let n = 160 + -76. What is the greatest common factor of r and n?
12
Let p(w) = -w**3 - 23*w**2 + 53*w + 40. Let d = 300 - 327. Let a be p(d). Calculate the highest common divisor of 25 and a.
25
Let t be (-68)/(-30) - 1600/1000 - 1166/(-6). Calculate the highest common factor of t and 405.
15
Suppose -h + 19 = 4*z, -4 + 33 = 3*h + 5*z. Let x(l) = 6*l**3 - 3*l**2 + 3*l + 3. Let c be x(h). What is the highest common divisor of c and 21?
21
Let t(c) = -76*c - 1354. Let d be t(-19). What is the highest common factor of 11430 and d?
90
Let m(j) = -j**3 + 6*j**2 + 7*j + 14. Let n be (90/(-20))/(6/(-8)). Let y be m(n). Calculate the greatest common divisor of y and 7.
7
Let k = 19 + -13. Let m be 5/(-1) - ((-23 - 15) + 17). Calculate the greatest common factor of k and m.
2
Let b(w) = 6*w**2 + 5*w + 8. Let c be b(7). Let s = c - -14. What is the greatest common factor of s and 27?
27
Let x = -310 - -333. What is the highest common divisor of 9959 and x?
23
Let d = -3789 + 3858. What is the highest common divisor of 506 and d?
23
Let k be (-11)/88 - ((-2052)/32 - 5). Let f(w) = -71*w - 2. Let h be f(-1). Calculate the greatest common divisor of k and h.
69
Suppose -45 - 65 = -3*u + 5*c, 0 = 2*u - 2*c - 68. Let n = u - 27. Let q be (-45)/(-3) - (5 - (n - 1)). Calculate the highest common divisor of q and 60.
12
Suppose -5*l - 2 = -17. Suppose 5*v + l*c = 101, -4 = -c - c. What is the highest common factor of 76 and v?
19
Let g be 7722/(-180) + 4/(-40). Let x = g - -241. What is the highest common divisor of 54 and x?
18
Let f = -14986 + 46295. Calculate the greatest common factor of 131 and f.
131
Suppose -4*f = -5*j - 316, 2*f + 91*j = 95*j + 152. Calculate the greatest common factor of 6972 and f.
84
Let f = -187 + 185. Let m be ((-36)/20 - -1)/(f/30). Calculate the highest common factor of 228 and m.
12
Let z(h) = -206*h + 241. Let p be z(-9). Let x be (-33)/88 - p/(-40). Suppose 217 = 5*g - 108. Calculate the highest common divisor of x and g.
13
Let a(x) = -49*x + 1398. Let u be a(12). Calculate the greatest common factor of u and 10.
10
Suppose 24*r = 23*r - 42*r + 8772. Calculate the highest common divisor of 2805 and r.
51
Let c = 4255 - 3840. What is the greatest common factor of c and 3071?
83
Suppose -5*u = -2*k - 31, -3*k - 7 = 5*u - 23. Let i be 13079/656 + 2/32. What is the greatest common factor of i and u?
5
Let n(i) = -i**3 - 3*i**2 - i - 5. Let f be n(-4). Suppose 16*o + 86532 = 87732. What is the greatest common factor of f and o?
15
Let i(v) be the second derivative of v**4/3 - v**3/6 - 8*v**2 + 3112*v. Let t = 0 + 4. Let x be i(t). What is the greatest common factor of 11 and x?
11
Let p = 73129 + -49988. What is the greatest common factor of p and 73?
73
Let w = -1747 + 1995. What is the greatest common factor of 837 and w?
31
Let a = -107 - -116. Let v be 3/((-6)/a*-3 + -1). Suppose -v*z = -6*z + 48. Calculate the greatest common divisor of z and 2.
2
Suppose 4*l + 8*j - 67 = 13*j, -5*l = -3*j - 87. Suppose -q + 31 + 1 = 5*i, 0 = q - 4*i + 4. What is the greatest common factor of l and q?
6
Suppose -z + 1005 = 2*y, 2*z = -y - 159 + 2184. Suppose 0 = 11*s - 855 - z. What is the highest common factor of 102 and s?
34
Suppose -z + 7 = 11, -z + 336 = 5*n. Suppose 7*f - 44 = n. What is the greatest common divisor of 12 and f?
4
Let k be (7/(-14))/(-3*1/12). Suppose 135 = k*t + 6*p - 3*p, 2*t = 5*p + 175. What is the highest common divisor of t and 25?
25
Suppose -k - 291 = -3*k - j, -4*j = -4. Suppose k*u + 38 = 147*u. Calculate the greatest common divisor of u and 57.
19
Let m be (7 - 0) + -10*8283/(-330). What is the highest common factor of m and 96?
6
Suppose 0 = -5*b + 2*f + 210, f = 3*b - 4*b + 42. Let n = 264 + -75. Calculate the greatest common factor of b and n.
21
Let b = -7 + 17. Suppose -26*r - 45*r + 726 = -2114. Calculate the